when 2030 is divided by 107.
104
What is the remainder when 8863 is divided by 216?
7
Calculate the remainder when 234597 is divided by 178.
171
What is the remainder when 17308 is divided by 81?
55
What is the remainder when 755 is divided by 133?
90
Calculate the remainder when 49253 is divided by 9850.
3
Calculate the remainder when 1716 is divided by 549.
69
Calculate the remainder when 71076 is divided by 10.
6
Calculate the remainder when 316746 is divided by 2803.
7
What is the remainder when 1990740 is divided by 598?
596
What is the remainder when 41523 is divided by 20759?
5
Calculate the remainder when 486378 is divided by 10808.
18
Calculate the remainder when 175766 is divided by 127.
125
Calculate the remainder when 2230 is divided by 139.
6
Calculate the remainder when 341666 is divided by 4218.
8
Calculate the remainder when 10739 is divided by 3572.
23
What is the remainder when 194435 is divided by 646?
635
What is the remainder when 190800 is divided by 17?
9
What is the remainder when 1305 is divided by 280?
185
What is the remainder when 23919 is divided by 23863?
56
Calculate the remainder when 199387 is divided by 1002.
991
What is the remainder when 163452 is divided by 16344?
12
Calculate the remainder when 148567 is divided by 102.
55
Calculate the remainder when 3232 is divided by 625.
107
What is the remainder when 93611 is divided by 520?
11
What is the remainder when 7493 is divided by 2486?
35
What is the remainder when 14801 is divided by 1078?
787
Calculate the remainder when 87729 is divided by 9745.
24
What is the remainder when 336 is divided by 151?
34
What is the remainder when 33017 is divided by 32992?
25
Calculate the remainder when 416509 is divided by 500.
9
Calculate the remainder when 10034 is divided by 54.
44
What is the remainder when 37706 is divided by 1020?
986
What is the remainder when 580 is divided by 187?
19
What is the remainder when 95268 is divided by 9525?
18
Calculate the remainder when 1601745 is divided by 17.
5
What is the remainder when 8821 is divided by 4385?
51
Calculate the remainder when 16879 is divided by 426.
265
Calculate the remainder when 10112 is divided by 41.
26
Calculate the remainder when 2319 is divided by 86.
83
Calculate the remainder when 464259 is divided by 199.
191
What is the remainder when 9567 is divided by 435?
432
What is the remainder when 225572 is divided by 17?
16
What is the remainder when 2007 is divided by 1992?
15
Calculate the remainder when 376447 is divided by 77.
71
What is the remainder when 7239 is divided by 38?
19
What is the remainder when 99591 is divided by 99543?
48
What is the remainder when 77243 is divided by 6425?
143
What is the remainder when 10502 is divided by 875?
2
What is the remainder when 1454 is divided by 98?
82
Calculate the remainder when 5332 is divided by 2664.
4
What is the remainder when 116271 is divided by 38739?
54
What is the remainder when 454257 is divided by 201?
198
Calculate the remainder when 3852 is divided by 35.
2
What is the remainder when 34018 is divided by 171?
160
Calculate the remainder when 3379 is divided by 666.
49
What is the remainder when 3119 is divided by 1414?
291
What is the remainder when 19944 is divided by 906?
12
Calculate the remainder when 32969 is divided by 10987.
8
What is the remainder when 14917 is divided by 210?
7
What is the remainder when 1665 is divided by 5?
0
Calculate the remainder when 758171 is divided by 1314.
1307
Calculate the remainder when 4470 is divided by 483.
123
What is the remainder when 93783 is divided by 18756?
3
What is the remainder when 133054 is divided by 342?
16
What is the remainder when 56155 is divided by 28067?
21
Calculate the remainder when 61700 is divided by 298.
14
Calculate the remainder when 660028 is divided by 9.
4
Calculate the remainder when 95119 is divided by 47552.
15
Calculate the remainder when 47812 is divided by 70.
2
What is the remainder when 12747 is divided by 61?
59
What is the remainder when 17683 is divided by 53?
34
What is the remainder when 1096638 is divided by 1158?
12
Calculate the remainder when 9087 is divided by 1504.
63
What is the remainder when 1325 is divided by 491?
343
Calculate the remainder when 16019 is divided by 486.
467
Calculate the remainder when 1440 is divided by 914.
526
Calculate the remainder when 22757 is divided by 230.
217
What is the remainder when 85748 is divided by 28582?
2
Calculate the remainder when 1511 is divided by 4.
3
Calculate the remainder when 671849 is divided by 335920.
9
Calculate the remainder when 8001 is divided by 888.
9
Calculate the remainder when 15648 is divided by 3910.
8
Calculate the remainder when 3121688 is divided by 407.
405
What is the remainder when 1559 is divided by 111?
5
Calculate the remainder when 2450 is divided by 2055.
395
What is the remainder when 2666 is divided by 1289?
88
What is the remainder when 24046 is divided by 1603?
1
Calculate the remainder when 751 is divided by 665.
86
What is the remainder when 242809 is divided by 508?
493
What is the remainder when 3430996 is divided by 94?
90
What is the remainder when 1917 is divided by 24?
21
Calculate the remainder when 6847 is divided by 2248.
103
What is the remainder when 15161 is divided by 3032?
1
What is the remainder when 2150 is divided by 28?
22
Calculate the remainder when 5155 is divided by 117.
7
What is the remainder when 11017 is divided by 3650?
67
Calculate the remainder when 204 is divided by 75.
54
What is the remainder when 4540 is divided by 3777?
763
Calculate the remainder when 11485 is divided by 2289.
40
Calculate the remainder when 23239 is divided by 2551.
280
Calculate the remainder when 27896 is divided by 845.
11
What is the remainder when 3008 is divided by 364?
96
What is the remainder when 48149 is divided by 21?
17
Calculate the remainder when 6887 is divided by 486.
83
What is the remainder when 20019 is divided by 77?
76
Calculate the remainder when 763045 is divided by 11.
8
What is the remainder when 1081 is divided by 1020?
61
What is the remainder when 24455 is divided by 3490?
25
Calculate the remainder when 41325 is divided by 2754.
15
What is the remainder when 7438 is divided by 3712?
14
What is the remainder when 27438 is divided by 518?
502
Calculate the remainder when 44629 is divided by 230.
9
Calculate the remainder when 16230 is divided by 5405.
15
Calculate the remainder when 1275 is divided by 46.
33
Calculate the remainder when 4457 is divided by 374.
343
Calculate the remainder when 1791 is divided by 278.
123
What is the remainder when 6549 is divided by 3233?
83
Calculate the remainder when 429069 is divided by 25.
19
Calculate the remainder when 3356 is divided by 582.
446
Calculate the remainder when 58844 is divided by 1251.
47
What is the remainder when 129744 is divided by 552?
24
Calculate the remainder when 208878 is divided by 1698.
24
Calculate the remainder when 5058 is divided by 1671.
45
Calculate the remainder when 3662 is divided by 910.
22
What is the remainder when 3373 is divided by 431?
356
Calculate the remainder when 163368 is divided by 59.
56
Calculate the remainder when 1451 is divided by 190.
121
Calculate the remainder when 315379 is divided by 209.
207
Calculate the remainder when 24579 is divided by 403.
399
Calculate the remainder when 11203 is divided by 1258.
1139
Calculate the remainder when 374686 is divided by 9860.
6
What is the remainder when 55597 is divided by 17?
7
Calculate the remainder when 2824 is divided by 242.
162
What is the remainder when 27497 is divided by 151?
15
What is the remainder when 158869 is divided by 67?
12
Calculate the remainder when 42936 is divided by 15.
6
What is the remainder when 228370 is divided by 32622?
16
What is the remainder when 11058 is divided by 79?
77
Calculate the remainder when 546 is divided by 119.
70
Calculate the remainder when 70257 is divided by 10032.
33
What is the remainder when 162664 is divided by 32531?
9
What is the remainder when 47636 is divided by 60?
56
Calculate the remainder when 48947 is divided by 1959.
1931
Calculate the remainder when 488 is divided by 293.
195
What is the remainder when 630937 is divided by 119?
118
Calcul